{"id":1383,"date":"2023-11-06T14:27:12","date_gmt":"2023-11-06T12:27:12","guid":{"rendered":"http:\/\/www.osrasinarira.ro\/blog\/?page_id=1383"},"modified":"2023-11-06T14:32:52","modified_gmt":"2023-11-06T12:32:52","slug":"decizia-etapei-de-incadrare-amenajament-up-vi-rasinari-2","status":"publish","type":"page","link":"http:\/\/www.osrasinarira.ro\/blog\/decizia-etapei-de-incadrare-amenajament-up-vi-rasinari-2\/","title":{"rendered":"Decizia etapei de \u00eencadrare- Amenajament UP V Once\u0219ti"},"content":{"rendered":"\n<p>Ocolul Silvic R\u0103\u015finari, cu sediul \u00een localitatea R\u0103\u015finari, str. Octavian Goga, nr. 1987, jud. Sibiu, &nbsp;aduce la cuno\u0219tin\u021ba publicului urm\u0103torul anun\u021b:<\/p>\n\n\n\n<p><em>,, Agen\u021bia pentru Protec\u021bia Mediului Sibiu, anun\u021b\u0103 publicul interesat asupra deciziei etapei de \u00eencadrare a <strong>Amenajamentului silvic al fondului forestier proprietate public\u0103 apar\u021bin\u00e2nd comunei R\u0103\u0219inari &#8211; UP V Once\u0219ti<\/strong>, jude\u021bul Sibiu, \u00een categoria celor care necesit\u0103 evaluare de mediu \u0219i evaluare adecvat\u0103 \u0219i se va supune adopt\u0103rii cu aviz de mediu, conform prevederilor H.G. nr. 1076\/2004. Decizia etapei de \u00eencadrare se g\u0103se\u0219te pe pagina <a href=\"http:\/\/apmsb.anpm.ro\">http:\/\/apmsb.anpm.ro<\/a>.\u201d.<\/em><\/p>\n\n\n\n<p><a href=\"http:\/\/www.osrasinarira.ro\/Mediu\/UP_5\/Decizia_etapei_de_incadrare_UP_V_Oncesti.pdf\">Decizia etapei de \u00eencadrare, UP V Oncesti<\/a><\/p>\n","protected":false},"excerpt":{"rendered":"<p>Ocolul Silvic R\u0103\u015finari, cu sediul \u00een localitatea R\u0103\u015finari, str. Octavian Goga, nr. 1987, jud. Sibiu, &nbsp;aduce la cuno\u0219tin\u021ba publicului urm\u0103torul anun\u021b: ,, Agen\u021bia pentru Protec\u021bia Mediului Sibiu, anun\u021b\u0103 publicul interesat asupra deciziei etapei de \u00eencadrare a Amenajamentului silvic al fondului forestier proprietate public\u0103 apar\u021bin\u00e2nd comunei R\u0103\u0219inari &#8211; UP V Once\u0219ti, jude\u021bul Sibiu, \u00een categoria celor &hellip; <\/p>\n<p class=\"link-more\"><a href=\"http:\/\/www.osrasinarira.ro\/blog\/decizia-etapei-de-incadrare-amenajament-up-vi-rasinari-2\/\" class=\"more-link\">Continue reading<span class=\"screen-reader-text\"> &#8220;Decizia etapei de \u00eencadrare- Amenajament UP V Once\u0219ti&#8221;<\/span><\/a><\/p>\n","protected":false},"author":1,"featured_media":0,"parent":0,"menu_order":0,"comment_status":"closed","ping_status":"closed","template":"","meta":{"footnotes":""},"_links":{"self":[{"href":"http:\/\/www.osrasinarira.ro\/blog\/wp-json\/wp\/v2\/pages\/1383"}],"collection":[{"href":"http:\/\/www.osrasinarira.ro\/blog\/wp-json\/wp\/v2\/pages"}],"about":[{"href":"http:\/\/www.osrasinarira.ro\/blog\/wp-json\/wp\/v2\/types\/page"}],"author":[{"embeddable":true,"href":"http:\/\/www.osrasinarira.ro\/blog\/wp-json\/wp\/v2\/users\/1"}],"replies":[{"embeddable":true,"href":"http:\/\/www.osrasinarira.ro\/blog\/wp-json\/wp\/v2\/comments?post=1383"}],"version-history":[{"count":2,"href":"http:\/\/www.osrasinarira.ro\/blog\/wp-json\/wp\/v2\/pages\/1383\/revisions"}],"predecessor-version":[{"id":1386,"href":"http:\/\/www.osrasinarira.ro\/blog\/wp-json\/wp\/v2\/pages\/1383\/revisions\/1386"}],"wp:attachment":[{"href":"http:\/\/www.osrasinarira.ro\/blog\/wp-json\/wp\/v2\/media?parent=1383"}],"curies":[{"name":"wp","href":"https:\/\/api.w.org\/{rel}","templated":true}]}}

Decizia etapei de încadrare- Amenajament UP V Oncești

<p>Ocolul Silvic Răşinari, cu sediul în localitatea Răşinari, str. Octavian Goga, nr. 1987, jud. Sibiu, &nbsp;aduce la cunoștința publicului următorul anunț:</p>



<p><em>,, Agenția pentru Protecția Mediului Sibiu, anunță publicul interesat asupra deciziei etapei de încadrare a <strong>Amenajamentului silvic al fondului forestier proprietate publică aparținând comunei Rășinari &#8211; UP V Oncești</strong>, județul Sibiu, în categoria celor care necesită evaluare de mediu și evaluare adecvată și se va supune adoptării cu aviz de mediu, conform prevederilor H.G. nr. 1076/2004. Decizia etapei de încadrare se găsește pe pagina <a href="http://apmsb.anpm.ro">http://apmsb.anpm.ro</a>.”.</em></p>



<p><a href="http://www.osrasinarira.ro/Mediu/UP_5/Decizia_etapei_de_incadrare_UP_V_Oncesti.pdf">Decizia etapei de încadrare, UP V Oncesti</a></p>

<p>Ocolul Silvic Răşinari, cu sediul în localitatea Răşinari, str. Octavian Goga, nr. 1987, jud. Sibiu, &nbsp;aduce la cunoștința publicului următorul anunț: ,, Agenția pentru Protecția Mediului Sibiu, anunță publicul interesat asupra deciziei etapei de încadrare a Amenajamentului silvic al fondului forestier proprietate publică aparținând comunei Rășinari &#8211; UP V Oncești, județul Sibiu, în categoria celor &hellip; </p>
<p class="link-more"><a href="http://www.osrasinarira.ro/blog/decizia-etapei-de-incadrare-amenajament-up-vi-rasinari-2/" class="more-link">Continue reading<span class="screen-reader-text"> &#8220;Decizia etapei de încadrare- Amenajament UP V Oncești&#8221;</span></a></p>
